 -296*(-44 + (-9022)/(-208)) is divided by r?
33
Let i = 115 + -92. Suppose -3*a - 2 = -a, -2*h - 3*a + i = 0. Let k = 10 + -6. Calculate the remainder when h is divided by k.
1
Suppose 3*n - f - 22743 = 1413, 5*f - 8020 = -n. What is the remainder when n is divided by 132?
130
Let f(l) = 3*l**2 - 12*l + 8. Let z be f(4). Let j = z + 16. What is the remainder when j is divided by 15?
9
Let n = 8 - -8. Let o(v) = 5*v - 73. What is the remainder when o(n) is divided by 2?
1
Suppose -24*w = 1733 - 5400 - 7373. Calculate the remainder when w is divided by 1484/16 - (-1)/4.
88
Suppose 5871 - 30363 = -358*r + 332*r. Calculate the remainder when r is divided by 62.
12
Let j(z) = 1. Let n(m) = m**2 + 9*m + 10. Let x(a) = 5*j(a) - n(a). What is the remainder when 2440/42 + (0 - (-6)/(-63)) is divided by x(-7)?
4
Let i(y) = -4*y**2 + 19*y + 1. Suppose 14 = c - 3*x + 4, c + x = 2. Calculate the remainder when 23 is divided by i(c).
10
Let z(v) = 6*v**3 + 76 - 81 - 3*v**3 - v**2. Calculate the remainder when 43 is divided by z(2).
13
Suppose -6*d - 5*d - 22 = 0. Let f be ((-856)/d)/4 - -1. Let s = f - 91. Calculate the remainder when 66 is divided by s.
15
Let s be (4/12)/(1/9). Suppose 19*y = 30*y - 517. Suppose -s*q + y = 8. Calculate the remainder when 115 is divided by q.
11
What is the remainder when 725 is divided by -2 - (-64)/30 - 5/((-1425)/53542)?
161
Let k be 5*(-4)/(-4) + -4. Let h be 28*(k + 2/8). Let j = 2 + h. What is the remainder when 147 is divided by j?
36
Suppose -9*x + 714 = 8*x. Calculate the remainder when 402*(25/(-10))/(-5)*1 is divided by x.
33
Suppose -8728 = -5*u - g, u = -g - 336 + 2080. What is the remainder when u is divided by 53?
50
Let n be (-2)/((-171)/135 + 9/15). Suppose -4*j + n*u + 189 = 0, 5*j + 96 = 7*j - 2*u. Calculate the remainder when j is divided by 15.
0
Suppose 3*m - 2*i - 30114 = 0, 5*i + 4739 - 54929 = -5*m. What is the remainder when 274 is divided by (-4)/26 + m/182?
54
Let z(d) = 11*d**2 - 26*d + 3 + 6*d + 14*d. Let r(j) = -j - 1. Let w(h) = -r(h) + z(h). What is the remainder when 38 is divided by w(1)?
8
Let v = 322 + -348. What is the remainder when 314*(44/(-55) - v/20) is divided by 20?
17
Let d = -6646 + 6674. What is the remainder when 3919 is divided by d?
27
Let g(k) = -3*k - 75 + 28 + 26. Let s be g(-8). Suppose -3 = -2*x + 3*w, 6*x - 12 = s*x + 3*w. What is the remainder when 44 is divided by x?
8
Suppose 5*x - 49 - 31 = 0. Suppose -8 = -4*k + x. Suppose 0 = -5*m - n + 312, -5*m + 5*n + 37 = -323. Calculate the remainder when m is divided by k.
4
Let o(x) = -x**3 + 16*x**2 - 24*x - 20. Let c be o(14). Suppose c*z - 9*z = 1242. What is the remainder when z is divided by 19?
8
Suppose 837 = 7*d - 409. Suppose 10*b - d = 152. What is the remainder when b is divided by 11?
0
Let f(x) = -2*x + 44. Let h be 5/((-150)/(-12))*10. Let i = -5 + 19. Calculate the remainder when f(h) is divided by i.
8
Let r(p) = -2*p**3 + 13*p**2 + 7*p - 26. What is the remainder when 2648 is divided by r(6)?
48
Let a(m) = -123*m + 1277. What is the remainder when 653 is divided by a(10)?
42
What is the remainder when 330 is divided by (30/(-7))/((-606)/2828)?
10
Calculate the remainder when 2216 is divided by 10*(-57)/38 - -116.
95
Suppose -5*p + 270 = p. Suppose p = 6*d + 15. Suppose 5*g = -d*l + 100, 0 = -l - 0*l + g + 28. Calculate the remainder when l is divided by 10.
4
Suppose w = -5*q + 1369, 0 = -4*q - 2*w + 1251 - 151. What is the remainder when q is divided by 47?
38
Suppose 4*t - 207 = -0*t - 3*q, -4*t - 4*q = -212. Let n = t + -38. Calculate the remainder when 78 is divided by n.
8
What is the remainder when ((1 - 0) + -7601)/((-886)/443) is divided by 6?
2
Let b(h) = 2*h**3 + 5*h**2 + h - 4. Let q be b(-4). Let c(v) = -1184*v + 1199. Calculate the remainder when (3/6)/((-1)/q) is divided by c(1).
13
Let w(s) be the second derivative of -s**5/20 - 5*s**4/12 + 4*s**3/3 - 7*s**2/2 - 10*s. Let j = -18 - -11. What is the remainder when w(j) is divided by 9?
8
Suppose -o + 67905 = 18*o - 314185. What is the remainder when o is divided by 221?
220
Suppose 3*b = -5*o + 1440 + 1928, 5*b - o = 5576. Calculate the remainder when b is divided by 13.
11
Let c = 1276 + -693. Suppose -7*p + 327 + c = 0. What is the remainder when p is divided by 61?
8
Let c be -1 + (-15)/(-6) + 6/12. Suppose -294 = -5*j - c*w, 0 = -3*j - w - 0*w + 177. Calculate the remainder when j is divided by 21.
18
Let g(a) = 7*a**2 + 4*a + 2. Let m = 1825 - 1028. Let f = -761 + m. Calculate the remainder when f is divided by g(-2).
14
Suppose -13 - 15 = -14*r. Suppose -5*a + 8 + 7 = 0, 5*p - r*a = 169. Calculate the remainder when 68 is divided by p.
33
Suppose 34*s - 12 = 28*s. Suppose 4*l = -s*n + 56, -4*n = l + l - 28. What is the remainder when 376 is divided by l?
12
Let p(z) = 14*z + 26. Suppose 409*a = 381*a + 504. What is the remainder when p(7) is divided by a?
16
Let z(b) be the second derivative of 19*b**3/6 - 119*b**2/2 - 68*b. What is the remainder when 39 is divided by z(7)?
11
Let j = -7 + 5. Suppose 0 = 3*g + 4*s - 130, g - 4*s - s - 56 = 0. Calculate the remainder when g is divided by (-4*1/((-4)/(-32)))/j.
14
Suppose -k - 4*k - 2*y + 2990 = 0, 133*y - 134*y = 0. What is the remainder when k is divided by 57?
28
Let f = -655 + 343. Let m = 356 + f. What is the remainder when 130 is divided by m?
42
Let f = -93 + 97. Suppose 4*t - 1 - 530 = w, t + f*w - 120 = 0. Suppose 5*c - 3*c - t = -3*m, -4*c - 4*m = -260. What is the remainder when c is divided by 16?
15
What is the remainder when 120/(-110) - 311231/(-451) is divided by 57?
5
Suppose 3*c + 2*a = 143, -a - 163 = -5*c + 97. Let w be ((-417)/3)/((4/(-2))/(-2)). Let u = -121 - w. Calculate the remainder when c is divided by u.
15
Suppose -3*y + 706 = 721. What is the remainder when 80 is divided by 252/6 + -1 - y?
34
Let w(u) = -u**3 + 2*u**2 + 3*u - 3. Suppose -15 = -22*z + 17*z. Let o be w(z). What is the remainder when -3 + (-102)/o + 0 is divided by 13?
5
Suppose 13*m - 12470 = 23*m. Let f = -1160 - m. Calculate the remainder when f is divided by -1 + 2 + 22*1.
18
Suppose 0 = -2*h - 4*u, -5*h = -3*u - u - 28. Suppose h*r - 76 = 80. What is the remainder when r is divided by 14?
11
Let k be (-202)/(-4)*(6 + -4). Suppose 15*f + k = 401. What is the remainder when 231 is divided by 1/(-2) - (-1170)/f?
57
Let a(b) = 16*b**2 - 159*b + 55. Calculate the remainder when 254 is divided by a(10).
59
Let j(n) = 10*n**3 - 26*n**2 + 283*n - 13. What is the remainder when j(7) is divided by 15?
14
Suppose 25*s + 14*s = 1014. Suppose 5*z - 1594 = -64. Suppose 8*w - z = 5*w. What is the remainder when w is divided by s?
24
Let l be (2 + -3)*(0 - 0). Suppose -28*z = -4641 + 1225. Suppose 3*w - 2*w + 3 = l, -z = -4*b - 2*w. Calculate the remainder when 63 is divided by b.
31
Let u(w) = -6*w + 17. Let p be u(4). What is the remainder when 51 is divided by (-12)/((42/15)/p)?
21
Let p be (16/6)/(49/8232). Let t = p - 426. What is the remainder when 344 is divided by t?
14
Let h = 49 - 11. Suppose -3*z = -31 - h. What is the remainder when (-764)/(-7) - (-16)/(-112) is divided by z?
17
Suppose 32*w - 28*w = u + 204, 4*u - 6 = -38. Calculate the remainder when (-478)/(-1 - 1/1) is divided by w.
43
Let a = -17829 + 32012. What is the remainder when a is divided by 36?
35
Let r(h) = 3*h - 6. Let l be r(2). Suppose l*f = 3*f - 240. Calculate the remainder when f is divided by 29.
22
Let j(m) = 5*m**2 - 21*m - 61. Suppose 4*p - 3 = -3*o + 7*p, 3*p = -12. What is the remainder when j(o) is divided by 5?
2
Suppose -27365 + 15892 = -15*m + 22682. Calculate the remainder when m is divided by 22.
11
What is the remainder when 3387 is divided by (-13 - 19296/(-27))/((-68)/(-24) - 2)?
19
Suppose 0 = -2506*o + 2505*o + 60. What is the remainder when 1497 is divided by o?
57
Suppose -3*i = -3*p + 2343, 2*p - 5*i = 777 + 770. What is the remainder when p is divided by 196?
2
Suppose -1943 = 7*i - 36*i. Let m = 160 - i. Calculate the remainder when m is divided by 27.
12
Let q(o) = 2*o + 92. Suppose 5*a - 28 = -w + 24, 0 = w - 5*a - 12. What is the remainder when q(0) is divided by w?
28
Let s = -30 - -23. Let o(y) = -y + 6. Let p be o(s). Suppose -t + 9 = -p. What is the remainder when 42 is divided by t?
20